
7
Let q(p) = -13*p**2 + 27*p - 10. Let r(m) = -5*m**2 + 9*m - 4. Let f(x) = 3*q(x) - 8*r(x). Give f(-6).
-16
Let u(c) = c**2 - 5*c + 6. Let a be u(4). Let x(f) = -f - f + 10 - a + 3*f. Suppose 4*h + 8 + 14 = -2*p, h + p = -5. Give x(h).
2
Let p(t) = 25*t + 571. Let o be p(-23). Let a(s) be the third derivative of 0*s + 0 - s**2 + 1/60*s**5 - 2/3*s**3 + 1/6*s**4. What is a(o)?
-4
Let p(d) be the third derivative of d**6/120 + d**5/10 + 7*d**4/24 + 2*d**3/3 + 2*d**2. Let k = 148 - 152. What is p(k)?
8
Let h(l) = 5*l**2 + 5*l - 7. Let r(d) = -6*d**2 - 6*d + 5. Let a(o) = -5*h(o) - 4*r(o). Determine a(-8).
-41
Let x(b) be the first derivative of b**4/4 + 3*b**3 + 7*b**2/2 + 5*b - 205. Give x(-8).
13
Let k(h) = -3*h**2 - 21. Let y(j) = -2*j**2 + 4*j - 12. Let l be y(5). Let r(z) = 1. Let n(m) = l*r(m) - 2*k(m). Determine n(-1).
6
Let j(c) be the second derivative of 2/3*c**3 + 0 - 2*c**2 - 20*c + 5/12*c**4 + 1/20*c**5. What is j(-4)?
-4
Suppose -6 = 2*w + 3*x, 3*w - 2*x = -0*x + 17. Let o(p) = -3*p + w*p - p. Let n = -137 + 136. Give o(n).
1
Let b = 1 + -3. Let z(k) be the first derivative of 1/3*k**3 - k + 3 - 1/2*k**2. Calculate z(b).
5
Let u(s) = 2*s - 11. Suppose -24*n + 4*p + 36 = -20*n, -2*n = 4*p. Determine u(n).
1
Let i(w) be the third derivative of -w**6/120 + w**5/15 + w**4/24 + w**3/3 + 33*w**2. Let n(v) = -v**3 - 4*v**2 - 5*v - 2. Let k be n(-3). Calculate i(k).
6
Let m(u) = 4*u. Let l = -45 + 51. Suppose -2*r - l = -n, n - 9 = -2*r + 7*r. Give m(r).
-4
Let s be 1 + ((-30)/(-5) - 2). Suppose -2*n - 3*a - 3 + 0 = 0, 0 = -s*n - 5*a - 5. Let o(c) = -c + 1. Give o(n).
1
Suppose 0 = 8*w - 5*w. Let q be ((-3 - w) + 1)*-4. Let h(t) be the third derivative of t**4/12 - 2*t**3 + 2*t**2. Calculate h(q).
4
Let g(y) = -y**3 - y**2 - y + 1. Let z(m) = -9*m**3 - 4*m + 30. Let i(j) = 8*g(j) - z(j). What is i(9)?
23
Let w = 636 - 627. Let a(x) = x**2 - 13*x + 35. Calculate a(w).
-1
Let k = 860 + -862. Let c(l) = -l**3 - 5*l - 5. Determine c(k).
13
Let r(p) = -p**2 + 9*p - 5. Suppose -u = 3 - 16. Suppose -3*m + u = -14. Give r(m).
-5
Let g(j) = 6*j + 3. Let w(i) = -4*i**3 + i**2 + 3*i - 3. Let r be w(1). Determine g(r).
-15
Let a = 0 - -12. Let u = a - 12. Suppose 10 = -5*p + 4*b - 5, -5*p - b + 10 = u. Let z(f) = 3*f**3 + 2*f - 1. Calculate z(p).
4
Let m(y) be the second derivative of 0 - 1/12*y**4 - 7*y + 7/2*y**2 + y**3. Calculate m(5).
12
Let r be 2/((-4)/30*-5). Let u(i) = 10 - 2 - 9*i + r + i**3 + 9*i**2. Calculate u(-10).
1
Let i(s) be the first derivative of -5*s**3/3 + s**2/2 - 8. Let m be i(2). Let n be -5*(-5)/((-75)/m). Let k(o) = o**3 - 7*o**2 + 6*o + 3. Determine k(n).
3
Let h(w) = w - 13. Suppose 0 = 5*m + 15, 3*a - 26 - 139 = 2*m. Suppose -88 + a = -5*d. Give h(d).
-6
Suppose -2*q + 48 = -3*q. Let z = 50 + q. Let k(p) be the second derivative of 5*p**3/6 - p**2 + p. Determine k(z).
8
Let o(x) = 6. Let b(g) = g. Let n(m) = b(m) + o(m). Suppose 1 = -3*z - 14. What is n(z)?
1
Let d(m) = m**3 - 3*m**2 - m + 4. Let b(w) = -w - 28. Let x be b(-10). Let i = x - -21. Determine d(i).
1
Suppose -19 = -6*n - 97. Let k(p) = p**3 + 14*p**2 + 12*p - 19. Calculate k(n).
-6
Let z(r) = r**3 + 5*r**2 + 4*r. Let s = -241 - -238. Determine z(s).
6
Let g(l) = -l - 24404*l**2 - 6 - l**3 + 24404*l**2. Let y = 0 + -2. Let o be 2 + (1*-4 - y). Calculate g(o).
-6
Suppose 4*h = 8 - 0. Suppose h*s + 0*s = 14. Let i(a) = -5*a**2 + 6*a**2 - s*a + 2*a. Give i(6).
6
Suppose 14 = 198*w - 196*w. Let z(m) = -2*m + 9. What is z(w)?
-5
Suppose 4 = -2*z - 5*c + 7*c, 0 = z - 4*c + 17. Let f(s) = 7*s + 3. Calculate f(z).
24
Let m be 5 + -3 - 24/(-6). Let q be (-8)/(-16) - m/(-4). Let n(i) be the second derivative of -i**3/6 + i**2 + i. Calculate n(q).
0
Let m(s) = s**3 + 4*s**2 - 12*s - 1. Let g be m(-6). Let a(h) = h - 1. Let t(i) = 3*i - 6. Let b(w) = g*t(w) + 5*a(w). Calculate b(2).
5
Let v(n) = -25*n + 2. Let x be v(0). Let o(t) = t**3 - 4*t**2 + t. Determine o(x).
-6
Let h(b) = 2*b**3 + 40*b**2 + 36*b - 32. Let c be h(-19). Let j(d) = d**3 - 4*d**2 - 10*d - 6. Give j(c).
6
Let j(v) = 34 + 19*v - 70 - v + 38. Calculate j(-2).
-34
Suppose 0*p - 10 = 5*p + 2*z, 4*p + 8 = -5*z. Let j(y) = -2*y - 3. Let w be j(p). Let d(f) = -3 + 0 - w - f. Calculate d(-4).
0
Let b(g) = 4*g - 3. Let z be 8 - 56/7 - (6 + -3). Give b(z).
-15
Let d(y) = -y + 3*y**2 - 7*y + 28*y - 8*y - 8*y. Calculate d(-5).
55
Let f be (-15)/2*8/(-10). Let o(y) be the second derivative of y**3/2 - 7*y**2/2 + 7*y + 23. Determine o(f).
11
Let m(c) = c**3 + 2*c**2 - 2. Let a be m(-2). Let g be 6 - (a - -3 - 3). Let o be g + -1 + -2 + 0. Let t(d) = -d**3 + 6*d**2 - 4*d - 7. Determine t(o).
-2
Suppose 0 = -2*t + 4*t + 10. Let w(d) be the first derivative of -5*d - 1/4*d**4 - 1 - 5/3*d**3 - 1/2*d**2. What is w(t)?
0
Let h(t) = 5*t + 5. Let j(a) = 14*a + 15. Let p(o) = -17*h(o) + 6*j(o). Suppose 11 = 4*b - 1. Determine p(b).
2
Suppose -6 - 2 = -4*r. Suppose -3 = -5*v - 3*j, -4*j + 4 = -r*v + v. Let b(g) = g**3 + g**2 - g - 7. What is b(v)?
-7
Let l(f) = 2*f**2 - 6*f - 29. Let h be l(6). Let t(x) = -11*x + 3. Calculate t(h).
-74
Let q(d) be the third derivative of -d**6/90 - d**5/120 + 7*d**3/6 - 6*d**2. Let w(k) be the first derivative of q(k). Determine w(1).
-5
Let l(b) = -b**2 + 2*b**2 + 3*b - b**2 + b**2. Let j be (2/3)/((-8)/(-132)). Suppose j*i = 10*i - 4. Calculate l(i).
4
Let x(o) = -o**3 + 9*o**2 + 2*o - 13. Let j be x(9). Suppose 2*t = t + 30. Let q(f) = -66*f + t*f + 3 + 34*f. Determine q(j).
-7
Let b(r) = -6*r + 5. Suppose i - 7*i = -18. Let t(c) = 3*c - 2. Let o(d) = i*b(d) + 7*t(d). Calculate o(1).
4
Let o(z) = 7*z**2 - z + 1. Let s(l) = l - 5. Let c(u) = u**2 - 2*u + 3. Let g = -34 - -37. Let a be c(g). Let p be s(a). Give o(p).
7
Let y(c) be the third derivative of c**8/6720 - c**7/1260 - c**6/180 + c**5/60 - 11*c**4/24 + 16*c**2. Let k(a) be the second derivative of y(a). What is k(3)?
-1
Let b be (-72)/(-324) + (-60)/27. Let w(o) = o**2 + 6*o + 7. What is w(b)?
-1
Let l(t) = -t**3 - 8*t**2 - 11*t + 4. Let d be l(-6). Let f(q) = -4*q - 1. Determine f(d).
7
Suppose 5*l - 3*l + q - 4 = 0, -l - q = -1. Let m(c) = c**3 - 3*c**2 - c. Let r be m(l). Let v(a) = 474*a - 158*a - 159*a - 158*a. Give v(r).
3
Let o(k) = -28*k - 2*k**2 + 12 + 29 - 5*k - 1. Give o(-18).
-14
Let j(o) = o**2 - o - 1. Let x(i) = 4*i**2 - 5*i - 7. Let n(v) = -5*j(v) + x(v). Determine n(3).
-11
Let o(l) = -17*l**3 - 4*l - 4. Let f(z) = 357*z**3 + 85*z + 85. Let s(g) = 4*f(g) + 85*o(g). Let t = -123 - -124. Calculate s(t).
-17
Let t(c) = -c - 4. Let o(w) = -w**3 + 6*w**2 - 6*w - 3. Let v be (13/(52/24))/2. Let s be o(v). Give t(s).
-10
Let s be (5/3)/((-4)/(-60)). Suppose 20 = -21*p + s*p. Let t(k) = k**3 - 5*k**2 - 2*k + 6. Determine t(p).
-4
Let p(i) be the first derivative of -i**3/3 + 17*i**2/2 - 5*i - 265. Determine p(14).
37
Let d(k) = -5*k - 3. Let c be (4/(-14))/((-6)/84). Let x(i) = -5*i + 17. Let b be x(c). What is d(b)?
12
Let h(w) = -w - 3. Let q(d) = -d**2 - 16*d - 48. Let s be q(-4). Determine h(s).
-3
Let u = -21 - -15. Let m(o) be the third derivative of -7/60*o**5 - 10*o**2 - 1/8*o**4 + 0*o + 0 + 1/2*o**3 - 1/120*o**6. Determine m(u).
-15
Suppose -3*k + 23 + 46 = 0. Suppose -8*s + 3*s = u - k, 0 = -4*u + 12. Let v(l) = -2*l**2 + 5*l + 2. Determine v(s).
-10
Let w = -59 - -59. Let m(h) be the second derivative of -h**5/20 - h**4/12 + h**3/6 - 5*h**2 - 4*h. Give m(w).
-10
Let o = 0 + 18. Let v = o - 11. Let w(h) = v*h + 1 - h**2 - 1 - 5. Give w(5).
5
Let v(u) = u + 6. Let l(j) = -8. Let i(b) = -23. Let k(m) = -3*i(m) + 8*l(m). Let q(d) = -5*k(d) + 4*v(d). Let p be 1/((1 - 1) + 1). Calculate q(p).
3
Suppose 6723*w - 6721*w = 26. Let h(b) be the first derivative of -6*b + w - 2*b**3 + b**2 + 1/4*b**4. Determine h(6).
6
Let f(p) = 8*p - 2. Suppose 5*y + 2*n = -6 + 35, -4*y - 5*n = -30. Determine f(y).
38
Suppose 15*l + 21 = -6*l. Let s(k) = -k**3 + 1. Calculate s(l).
2
Let z(l) = l**3 + l**2 - 2*l + 2. Let r = -54 - -40. Let d be 36/21 + r/(-49). Give z(d).
10
Let t = 71/38 - 26/19. Let l(c) be the second derivative of 2/3*c**3 + 1/20*c**5 - t*c**4 - 2*c**2 + 0 + 5*c. Calculate l(5).
-9
Let r(f) = -50*f - 57*f - 59*f + 163*f + 7. Determine r(4).
-5
Suppose 0 = 26*m - 21*m + 105. Let a = m - -24. Let g(w) = -w**3 + 3*w**2 